mmon factor of u and f.
13
Let d(b) = 2*b**3 - b**2 - 2*b + 3. Let y = 6 - 4. Let w be d(y). What is the highest common divisor of w and 11?
11
Let y be (2/3)/(5/255). Calculate the highest common factor of 102 and y.
34
Suppose j - 8 = 4. Let o be (-3)/(j/26)*-6. Calculate the highest common divisor of o and 13.
13
Suppose 0*j = j - 14. Let w be (-3 - -21) + 2 + 1. Calculate the highest common divisor of j and w.
7
Suppose 503 = -2*r + 3*k, -2*r + 772 = -5*r + k. Let w = 399 + r. What is the highest common divisor of w and 20?
20
Let b(n) = n**2 + n - 4. Let w be b(-4). Let g = w - 5. Let l(f) = f**3 - 5*f + 4. Let k be l(g). Calculate the greatest common factor of 40 and k.
8
Suppose -6*j + 3 = -3*j. Let q be -1*j - (-12 - -3). Suppose -3*i = 98 - 362. What is the highest common factor of q and i?
8
Suppose -8*n + 550 = -7*n. Suppose 2*z - n = -3*z. Calculate the highest common factor of 44 and z.
22
Let r be ((-6)/(-2))/((-3)/(-2)). Suppose 29 = 5*y - 2*v, -2*y + v + 5 = -r*v. Let i = 14 - y. Calculate the greatest common divisor of i and 28.
7
Let d = -25 - -95. Let r = 22 + -8. Calculate the greatest common factor of r and d.
14
Suppose 23*o = 24*o - 62. Calculate the highest common divisor of 155 and o.
31
Suppose 5*z - 2*z = -3*u + 168, 0 = -z + 5*u + 32. Suppose 3*h + 9 = 0, 4*x + 7*h - 508 = 3*h. What is the highest common factor of x and z?
26
Suppose 3*o = -3 + 24. Let a be (-1)/3 - (-128)/6. What is the highest common factor of a and o?
7
Suppose -4*i = -2*i - 14. Let w be (-10)/(-1)*(-3)/(-6). Suppose -w*t - 20 = -335. What is the greatest common divisor of i and t?
7
Suppose p - 25 = 23. What is the highest common divisor of 384 and p?
48
Let i(j) = -2*j - 7. Let n be i(-5). Suppose 5*u - 94 = n*u. Let b = -27 + u. What is the greatest common factor of 50 and b?
10
Let u = 48 - 6. Calculate the greatest common divisor of 6 and u.
6
Let d(y) = -y + 20. Let w be d(6). What is the highest common divisor of w and 42?
14
Let k(y) = 2*y + 4. Let m be k(4). Suppose -2*n = -4*n - 10. Let j = 11 + n. Calculate the greatest common factor of m and j.
6
Let p be 3*7/(21/10). Let s(u) = u**3 - 10*u**2 + 5*u. Let a be s(p). What is the greatest common divisor of 10 and a?
10
Suppose j + 0 = -1. Let b = 6 - j. Calculate the greatest common divisor of b and 56.
7
Suppose 0*k + z = -k + 16, -4*z = -4*k + 104. Calculate the greatest common factor of 42 and k.
21
Let b(l) = 2*l**2 + 19*l + 8. Let y(v) = -v**2 - v. Let m(x) = b(x) + 4*y(x). Let q be m(7). Calculate the greatest common divisor of 3 and q.
3
Suppose 0*u - 4*u + 528 = 0. Suppose 2*z + f = u, -2*f + 0*f - 184 = -3*z. Let q be (8/3)/(6/18). What is the highest common factor of q and z?
8
Suppose 5*g = -0*g + 135. Suppose 5*f - 3*n - 7 - 29 = 0, 5*n - 33 = -2*f. Calculate the greatest common factor of g and f.
9
Suppose 0 = -0*q + 4*q. Suppose -8 + q = -b. What is the highest common factor of 72 and b?
8
Let q(v) = 2*v**2 - v + 1. Let m be q(1). Suppose k - m = 2. What is the highest common divisor of 36 and k?
4
Suppose 2*y + 0*y - 72 = 0. Suppose -8*t = -41 - 31. Calculate the highest common factor of y and t.
9
Let f be 8 - (-6)/(12/(-4)). What is the greatest common divisor of f and 66?
6
Suppose 18*v + 60 = 23*v. Suppose 5*r - 2*r = 4*f + 168, 3*r + 3*f = 189. What is the highest common factor of v and r?
12
Let q = 9 + -6. Suppose 3*g - q = 3. Suppose a - 3 + g = 0. Calculate the highest common divisor of 8 and a.
1
Suppose 4*v = 16, -t + 2*t - 20 = 5*v. Let f = 15 - 5. What is the highest common divisor of t and f?
10
Suppose 3*q - 11 - 1 = 0. Suppose 19 = q*l - 49. Calculate the highest common divisor of 136 and l.
17
Let t = 4 - -9. Suppose 0 = 2*b - 0 + 2, 0 = 4*d - 5*b - 61. Let l be -2 + 1 + d*1. Calculate the highest common divisor of t and l.
13
Let i = 35 - 18. Let b = 38 + i. What is the highest common factor of b and 22?
11
Suppose -27 = a - 102. What is the highest common divisor of a and 30?
15
Let p be (16 - -1) + (1 - -2). What is the greatest common factor of 80 and p?
20
Let b be (5/(-4))/(2/(-8)). What is the highest common factor of b and 25?
5
Let u = 16 - 5. What is the highest common factor of u and 77?
11
Suppose t = 2*t - 12. What is the greatest common factor of t and 3?
3
Let j(h) = 3*h**2 - 4*h - 30. Let z be j(6). Calculate the greatest common divisor of 45 and z.
9
Let k = -15 + 18. Let j be k/6 - (-262)/4. Calculate the highest common factor of 44 and j.
22
Let l = -3 - -6. Let a = -8 + 9. Let q be -66*l*a/(-2). Calculate the greatest common factor of q and 11.
11
Let t(w) = w**3 + 12*w**2 + 12*w - 1. Let l be t(-11). Let j = -7 - l. Let n = -16 - -31. What is the greatest common factor of n and j?
5
Suppose 0*u - u + 131 = 2*d, 5*u - 673 = -d. What is the highest common factor of u and 54?
27
Let h = 10 - 4. Suppose 3*j - h = u - 3*u, 6 = -2*u + 3*j. Let r be (81 - (u - 0))*1. Calculate the highest common divisor of 9 and r.
9
Let g be 10 - 1 - 0/(-1). Let b be 3/g - (-107)/3. Calculate the greatest common factor of 24 and b.
12
Let v be 717/5 + (-10)/25. What is the greatest common factor of v and 13?
13
Let p be 12/(-60) + (-451)/(-5). Let y(q) = -5*q + 1. Let x be y(-7). What is the greatest common factor of x and p?
18
Let l be (-2)/(0 - (-4)/(-18)). Let r(c) = 2*c**2 - 4*c + 5. Let x be r(-6). Suppose x = 2*h + 11. What is the highest common divisor of l and h?
9
Suppose -5*d + 134 = 3*i, -4*d + 4*i = 5*i - 110. What is the highest common factor of d and 42?
14
Suppose 6*x = 3*x - 333. Let q(d) = 240*d**2 + d. Let z be q(1). Let h = z + x. Calculate the highest common factor of 13 and h.
13
Let d = -18 + 46. Suppose 0 = 5*k - 2*f - 12, -4*f - 6 = -5*k - 2. Suppose 143 + 137 = k*i. What is the greatest common factor of i and d?
14
Let y = -77 + 153. Suppose 152 = s + 5*j, s - y = 3*j + 36. Suppose 0 = 2*q + v - s, -q + v + 257 = 3*q. Calculate the highest common factor of q and 16.
16
Let l be (-3)/2*(-4)/6. Let c = 4 + 1. Suppose 3*w - c = -11, 3*w = -5*a + 34. Calculate the greatest common factor of l and a.
1
Suppose i + 2*i - 60 = 0. Calculate the highest common factor of i and 40.
20
Let g(i) = i**2 + 2*i - 8. Suppose 2*c = -0*c - 14. Let f be g(c). What is the highest common factor of f and 3?
3
Suppose 2*y = -2*x - y + 50, -5*x + 2*y = -106. Let s = x + -13. What is the greatest common factor of 6 and s?
3
Suppose -4*v = -v - 21. Suppose 0*f + 522 = 3*f. Let z = -97 + f. What is the greatest common divisor of v and z?
7
Let u be (26/(-8))/((-6)/48). Let t = 48 - u. What is the highest common factor of 11 and t?
11
Let r(p) be the second derivative of -p**4/12 - p**3/6 + 19*p**2 + p. Let q be 0 + 0/4 + 0. Let n be r(q). Calculate the greatest common factor of 57 and n.
19
Suppose -29 = 3*m - 2*q - 203, 2*m + 3*q - 129 = 0. Suppose 3*f - f = 32. Let v = 28 - f. Calculate the highest common factor of m and v.
12
Let j(q) = -2*q + 38. Let z be j(11). Calculate the greatest common divisor of 80 and z.
16
Let i(s) = -4*s - 3. Let z(c) = 9*c + 7. Let u(b) = 5*i(b) + 2*z(b). Let f be u(-1). What is the greatest common factor of f and 11?
1
Let f(b) = b**2 + 7*b + 10. Let l be f(-6). Suppose 18 = -2*w - 10. Let g be w/(-4)*(l + -2). What is the greatest common divisor of g and 14?
7
Suppose 227 = 5*g - 233. Suppose l - 41 = -l + 3*s, 5*l = 4*s + g. Calculate the greatest common factor of 80 and l.
16
Let c be (-6 + 5)/(1/(-3)). Suppose d - 5*x = 0, 2*x - c = -x. Suppose d*h - 13 = 62. What is the highest common divisor of 15 and h?
15
Let b = -20 + 50. Calculate the highest common factor of 60 and b.
30
Suppose 0 = -o - 3*f + 12, o + 5*f = 3*o - 24. Calculate the highest common divisor of o and 84.
12
Let c(t) = t + 1. Let l be c(0). Let g be -6*l/4*-10. Suppose 2*p = -3*p + g. What is the highest common divisor of 2 and p?
1
Suppose 5*f = 4*p - 19, -2*p + 4*f + 0*f = -8. Let s be (-3)/2*(-4)/p. Calculate the highest common factor of 7 and s.
1
Let m = -14 + 31. Let i = 477 - 290. Calculate the greatest common factor of m and i.
17
Suppose 3*i - p = i + 39, p + 96 = 5*i. Suppose w - i - 4 = 0. Calculate the greatest common divisor of 23 and w.
23
Let y(g) = 4*g. Let a be y(2). Let d be -1*-3*(-2)/(-3). Let w = 18 + d. Calculate the highest commo